 factor of 18894?
False
Is 3962964 a multiple of 28?
False
Is 25998 a multiple of 6?
True
Is 32 a factor of 3309732?
False
Does 10 divide 24059442?
False
Is 143514 a multiple of 14?
True
Does 139 divide 266810?
False
Does 9 divide 480402?
True
Is 669 a factor of 603598?
False
Is 61 a factor of 153983?
False
Is 3472769 a multiple of 66?
False
Is 79 a factor of 444080?
False
Is 400974 a multiple of 14?
True
Is 423610 a multiple of 11?
True
Is 456582 a multiple of 10?
False
Is 320568 a multiple of 148?
True
Does 83 divide 624409?
True
Is 3779917 a multiple of 347?
False
Is 1368874 a multiple of 326?
True
Does 383 divide 1393272?
False
Is 18955734 a multiple of 1623?
False
Does 1069 divide 6280143?
False
Is 14 a factor of 668049?
False
Is 26 a factor of 88972?
True
Is 234790 a multiple of 530?
True
Does 52 divide 4871152?
True
Does 16 divide 253219?
False
Is 103 a factor of 23248376?
False
Is 2493591 a multiple of 9?
False
Does 268 divide 293132?
False
Is 20463967 a multiple of 2015?
False
Is 66255 a multiple of 3?
True
Is 31700 a multiple of 306?
False
Is 280119 a multiple of 40?
False
Is 2536 a multiple of 20?
False
Is 16 a factor of 36608?
True
Is 164 a factor of 204672?
True
Does 25 divide 9075?
True
Is 713250 a multiple of 150?
True
Is 2959350 a multiple of 30?
True
Is 40 a factor of 192098?
False
Is 202250 a multiple of 125?
True
Is 798386 a multiple of 37?
True
Is 28 a factor of 1259132?
True
Is 15403 a multiple of 340?
False
Is 11 a factor of 1525898?
True
Does 548 divide 6672996?
True
Does 9 divide 1188221?
False
Does 12 divide 305831?
False
Does 17 divide 59308?
False
Is 145 a factor of 96420?
False
Is 12323811 a multiple of 44?
False
Is 1177 a factor of 4574999?
True
Is 9 a factor of 4297723?
False
Does 27 divide 3576264?
False
Is 814 a factor of 2739924?
True
Does 99 divide 1122550?
False
Is 332374 a multiple of 14?
True
Is 128297 a multiple of 13?
True
Is 2217736 a multiple of 465?
False
Does 76 divide 2287068?
True
Is 2116868 a multiple of 13?
True
Does 17 divide 3423335?
False
Is 8 a factor of 62192?
True
Is 221 a factor of 1563133?
True
Is 343931 a multiple of 70?
False
Is 81 a factor of 137459?
False
Does 1813 divide 23551415?
False
Is 7 a factor of 104240?
False
Is 147 a factor of 10498728?
False
Is 3 a factor of 162247?
False
Does 60 divide 87235?
False
Does 198 divide 1834255?
False
Is 238066 a multiple of 55?
False
Is 4 a factor of 435?
False
Is 3005021 a multiple of 15?
False
Is 65 a factor of 397410?
True
Is 57973 a multiple of 38?
False
Is 198 a factor of 129294?
True
Is 104580 a multiple of 70?
True
Is 5 a factor of 238147?
False
Is 627 a factor of 811218?
False
Is 229 a factor of 433497?
True
Is 188723 a multiple of 345?
False
Does 38 divide 395?
False
Is 1755686 a multiple of 193?
False
Is 946341 a multiple of 363?
True
Does 93 divide 58128?
False
Does 32 divide 55584?
True
Is 4 a factor of 59880?
True
Does 16 divide 3531593?
False
Is 5 a factor of 1642560?
True
Does 13 divide 4736212?
True
Does 181 divide 515307?
True
Is 92872 a multiple of 15?
False
Is 11182 a multiple of 2?
True
Is 11 a factor of 243157?
False
Does 30 divide 2586?
False
Is 172 a factor of 257071?
False
Does 34 divide 661572?
True
Does 32 divide 2345856?
True
Is 215414 a multiple of 403?
False
Is 126 a factor of 226674?
True
Is 58 a factor of 62640?
True
Does 3 divide 397737?
True
Does 83 divide 1463715?
False
Does 576 divide 1564992?
True
Is 16 a factor of 382143?
False
Is 206397 a multiple of 171?
True
Does 10 divide 86590?
True
Is 245 a factor of 3822374?
False
Does 20 divide 10390260?
True
Is 6086388 a multiple of 66?
True
Does 797 divide 19995820?
False
Is 17224505 a multiple of 727?
False
Does 13 divide 3038118?
False
Does 5 divide 402985?
True
Does 27 divide 948348?
True
Is 1007396 a multiple of 14?
False
Is 3502653 a multiple of 177?
True
Is 94 a factor of 6560?
False
Does 82 divide 8548665?
False
Does 82 divide 874638?
False
Is 16 a factor of 192780?
False
Is 382 a factor of 72492?
False
Is 947738 a multiple of 11?
True
Is 499 a factor of 160545?
False
Is 42 a factor of 2946216?
True
Is 24 a factor of 52232?
False
Does 89 divide 41474?
True
Does 19 divide 950139?
False
Does 168 divide 534835?
False
Is 20524938 a multiple of 14?
True
Does 15 divide 2210437?
False
Does 241 divide 7856199?
False
Is 4239729 a multiple of 3?
True
Is 3 a factor of 1615784?
False
Is 107 a factor of 89131?
True
Is 21 a factor of 190762?
False
Is 184 a factor of 1206120?
True
Does 101 divide 8686?
True
Is 203550 a multiple of 7?
False
Is 39415 a multiple of 154?
False
Is 183 a factor of 1032261?
False
Is 20 a factor of 68209?
False
Is 133931 a multiple of 371?
True
Is 8 a factor of 5980451?
False
Is 15 a factor of 78345?
True
Is 1019349 a multiple of 44?
False
Is 11 a factor of 300771?
False
Is 2120 a multiple of 4?
True
Does 6 divide 11315?
False
Does 374 divide 1865194?
False
Does 26 divide 503126?
True
Is 1054587 a multiple of 3?
True
Is 142 a factor of 1498856?
False
Does 1325 divide 14139075?
True
Is 1281166 a multiple of 140?
False
Is 2342 a factor of 10969928?
True
Is 1820066 a multiple of 139?
True
Is 22774 a multiple of 23?
False
Is 510285 a multiple of 74?
False
Does 99 divide 1153877?
False
Is 127 a factor of 8250?
False
Is 722 a factor of 823140?
False
Does 26 divide 34279?
False
Does 51 divide 95369?
False
Is 227 a factor of 1486319?
False
Is 34 a factor of 2784873?
False
Is 125 a factor of 606175?
False
Does 871 divide 364949?
True
Is 29409804 a multiple of 2298?
True
Is 9 a factor of 107813?
False
Is 5065904 a multiple of 16?
True
Is 25481 a multiple of 10?
False
Is 2 a factor of 250117?
False
Does 337 divide 1999758?
True
Does 18 divide 99091?
False
Does 15 divide 34515?
True
Is 39 a factor of 165288?
False
Does 131 divide 193225?
True
Is 259434 a multiple of 126?
True
Is 9 a factor of 29664?
True
Does 6 divide 31836?
True
Is 94576 a multiple of 3?
False
Is 143 a factor of 6896318?
True
Is 4798089 a multiple of 2?
False
Does 119 divide 6070458?
False
Is 583128 a multiple of 104?
True
Is 393 a factor of 495573?
True
Is 38 a factor of 162602?
True
Does 24 divide 16152?
True
Is 2763932 a multiple of 116?
True
Is 24489 a multiple of 2?
False
Does 29 divide 9580353?
True
Is 13689244 a multiple of 1481?
False
Is 330 a factor of 55440?
True
Does 77 divide 219761?
False
Is 52 a factor of 95763?
False
Is 7439693 a multiple of 44?
False
Is 402 a factor of 14504160?
True
Does 14 divide 252012?
False
Is 37758 a multiple of 93?
True
Is 15 a factor of 44850?
True
Is 14 a factor of 129262?
True
Is 263 a factor of 2670766?
False
Does 378 divide 730674?
True
Does 7 divide 1288?
True
Does 122 divide 102480?
True
Is 88704 a multiple of 16?
True
Is 313319 a multiple of 15?
False
Is 33 a factor of 6991525?
False
Is 13 a factor of 28657?
False
Is 26 a factor of 1217060?
True
Is 78 a factor of 12220444?
False
Is 1510196 a multiple of 254?
False
Is 8099670 a multiple of 200?
False
Is 15369382 a multiple of 2154?
False
Is 627984 a multiple of 89?
True
Is 78959 a multiple of 23?
True
Is 271968 a multiple of 24?
True
Is 4 a factor of 83585?
False
Is 69033 a multiple of 9?
False
Does 856 divide 1086243?
False
Is 4 a factor of 16115?
False
Is 19260 a multiple of 15?
True
Is 1179 a factor of 6440916?
False
Does 2 divide 417861?
False
Does 28 divide 1291363?
False
Is 6 a factor of 348173?
False
Is 613 a factor of 11492748?
False
Is 71 a factor of 136675?
True
Is 28 a factor of 316334?
False
Is 169075 a multiple of 274?
False
Is 15 a factor of 66705?
True
Is 177319 a multiple of 156?
False
Does 535 divide 3955255?
True
Is 183 a factor of 98454?
True
Does 280 divide 1208518?
False
Is 44 a factor of 44924?
True
Does 39 divide 14710691?
False
Is 101562 a multiple of 2?
True
Does 101 divide 6276645?
True
Does 228 divide 1916052?
False
Is 20 a factor of 185980?
True
Does 103 divide 37904?
True
Is 360 a factor of 660600?
True
Does 36 divide 344016?
True
Is 1939188 a multiple of 6?
True
Is 26 a factor of 535938?
True
Is 8 a factor of 1005123?
False
Is 2154376 a multiple of 2?
True
Does 98 divide 254658?
False
Does 9 divide 3198295?
False
Does 216 divide 3558600?
True
Is 293587 a multiple of 9?
False
Is 985 a factor of 42321?
False
Is 926 a factor of 12659346?
True
Does 32 divide 476416?